ate the greatest common factor of 183526 and 14.
14
What is the highest common factor of 19227 and 585?
39
What is the highest common factor of 6120 and 1253580?
1020
Calculate the highest common factor of 1484 and 145803.
371
Calculate the highest common factor of 29050 and 1600.
50
What is the highest common divisor of 58656 and 11856?
624
What is the highest common divisor of 340 and 10285?
85
What is the greatest common factor of 1265 and 25553?
253
What is the greatest common factor of 258 and 19507638?
258
What is the highest common divisor of 15 and 7745?
5
What is the greatest common factor of 4305 and 9717?
123
What is the greatest common divisor of 691506 and 2952?
738
What is the highest common factor of 227380 and 10?
10
Calculate the greatest common divisor of 81835 and 260.
65
Calculate the highest common divisor of 102912 and 16384.
512
Calculate the highest common factor of 22 and 90156.
22
Calculate the greatest common divisor of 3280 and 15.
5
Calculate the greatest common factor of 1916 and 5269.
479
What is the highest common factor of 1121 and 17595216?
1121
What is the greatest common divisor of 22 and 46981?
11
Calculate the highest common divisor of 4998 and 6762.
294
Calculate the highest common factor of 62 and 114514.
62
What is the greatest common factor of 70908 and 684?
228
What is the highest common divisor of 75906 and 18?
18
Calculate the highest common factor of 10 and 1469705.
5
What is the highest common divisor of 134 and 4102678?
134
What is the greatest common divisor of 181892 and 148?
148
What is the greatest common divisor of 275 and 127225?
25
Calculate the greatest common divisor of 1267 and 11639929.
1267
What is the greatest common divisor of 207 and 849597?
69
Calculate the greatest common divisor of 296 and 41884.
148
Calculate the highest common factor of 311264 and 5480.
1096
Calculate the highest common factor of 21511 and 1862.
49
Calculate the highest common factor of 1246 and 628696.
178
What is the highest common divisor of 620 and 1510?
10
What is the greatest common divisor of 186 and 3526374?
186
Calculate the highest common factor of 198 and 276498.
18
Calculate the highest common divisor of 3679 and 44431.
283
What is the greatest common factor of 840 and 11700?
60
Calculate the greatest common divisor of 5230 and 355.
5
Calculate the greatest common divisor of 635 and 362585.
635
What is the highest common divisor of 182331 and 13851?
81
What is the highest common factor of 5328 and 9?
9
Calculate the greatest common divisor of 219 and 2115248.
73
Calculate the greatest common factor of 463435 and 45.
5
Calculate the highest common divisor of 32 and 804664.
8
What is the highest common divisor of 529449 and 186?
93
What is the highest common factor of 77 and 70939?
11
Calculate the highest common factor of 462 and 552090.
462
Calculate the highest common factor of 16974 and 32636.
82
Calculate the greatest common divisor of 864954 and 261.
261
What is the greatest common divisor of 150 and 32050?
50
Calculate the highest common divisor of 17149 and 22.
11
Calculate the highest common divisor of 15 and 2558820.
15
Calculate the highest common divisor of 2558593 and 359.
359
Calculate the greatest common factor of 564689 and 118.
59
Calculate the highest common factor of 1044 and 30189.
87
What is the greatest common divisor of 471 and 351366?
471
What is the greatest common factor of 17983 and 245?
49
Calculate the highest common factor of 114 and 241509.
57
Calculate the highest common divisor of 1470 and 3022740.
210
What is the highest common factor of 25 and 223980?
5
What is the greatest common divisor of 258 and 59469?
129
Calculate the highest common factor of 30858 and 1110.
222
What is the greatest common divisor of 244170 and 5?
5
Calculate the greatest common factor of 4 and 173.
1
Calculate the highest common divisor of 1750317 and 193.
193
Calculate the highest common divisor of 8507 and 218829.
181
What is the highest common factor of 905700 and 6?
6
Calculate the highest common divisor of 19332 and 18684.
108
What is the highest common factor of 22971 and 217?
31
Calculate the highest common divisor of 107913 and 429.
39
Calculate the highest common divisor of 406 and 434.
14
Calculate the greatest common divisor of 529 and 47081.
529
What is the greatest common factor of 4255 and 1295?
185
Calculate the greatest common factor of 5392 and 152998.
674
Calculate the greatest common divisor of 1712 and 307946.
214
Calculate the highest common divisor of 113 and 353125.
113
Calculate the greatest common divisor of 126567 and 369.
369
What is the highest common divisor of 65263 and 561?
187
Calculate the highest common factor of 61126 and 1638.
26
Calculate the greatest common divisor of 657852 and 108.
12
Calculate the highest common factor of 247 and 12787.
19
Calculate the greatest common factor of 435062 and 1712.
214
What is the highest common divisor of 8190 and 641160?
1170
Calculate the highest common divisor of 17840 and 10.
10
Calculate the greatest common factor of 3195 and 495.
45
Calculate the greatest common divisor of 9804 and 2964.
228
Calculate the highest common factor of 48554 and 154.
22
Calculate the highest common divisor of 1883 and 77.
7
Calculate the highest common divisor of 2928 and 74542.
122
Calculate the highest common factor of 500 and 2207300.
100
What is the highest common divisor of 556 and 178?
2
What is the highest common divisor of 245 and 340060?
245
Calculate the greatest common factor of 900 and 33750.
450
What is the highest common factor of 64 and 13479?
1
Calculate the greatest common factor of 584 and 3650.
146
Calculate the highest common divisor of 1104376 and 16.
8
Calculate the highest common divisor of 6208 and 44.
4
Calculate the highest common factor of 21000 and 360.
120
What is the greatest common divisor of 520 and 121420?
260
What is the greatest common factor of 20 and 1580?
20
Calculate the highest common factor of 29045 and 178195.
785
What is the greatest common factor of 1455 and 1415?
5
Calculate the greatest common divisor of 279 and 1926.
9
Calculate the greatest common factor of 27365 and 2015.
65
What is the highest common factor of 12900 and 7100?
100
Calculate the highest common factor of 11298 and 6062.
14
Calculate the greatest common divisor of 14 and 3515218.
14
What is the highest common factor of 26488 and 7672?
56
What is the greatest common divisor of 5865 and 27285?
255
What is the highest common divisor of 1677 and 7482?
129
Calculate the greatest common divisor of 510 and 842180.
170
What is the greatest common factor of 9180 and 513?
27
What is the highest common divisor of 54 and 139617?
27
Calculate the greatest common divisor of 1574 and 5269752.
1574
Calculate the greatest common divisor of 1714 and 350513.
857
What is the highest common divisor of 35 and 16870?
35
Calculate the highest common factor of 2219 and 7252.
7
What is the highest common factor of 105 and 42560?
35
What is the greatest common factor of 16848 and 416?
208
What is the greatest common factor of 1008 and 3696?
336
What is the highest common divisor of 27 and 19188?
9
Calculate the highest common divisor of 8 and 1443616.
8
What is the highest common divisor of 4926577 and 67?
67
Calculate the highest common divisor of 1233 and 2457.
9
What is the greatest common factor of 3149081 and 174?
29
What is the highest common factor of 14 and 2313892?
14
What is the highest common factor of 58078 and 142?
142
Calculate the highest common divisor of 12352 and 64.
64
What is the highest common divisor of 130 and 185030?
10
Calculate the highest common divisor of 5516588 and 11.
11
Calculate the greatest common divisor of 31533723 and 117.
117
Calculate the highest common factor of 395 and 102937.
79
What is the greatest common factor of 153724 and 40?
4
Calculate the highest common divisor of 198 and 3164040.
198
What is the highest common divisor of 1488 and 166191?
93
What is the greatest common divisor of 66 and 35354?
22
Calculate the greatest common factor of 7707 and 525.
21
What is the highest common divisor of 49507 and 1116?
31
What is the highest common divisor of 493935 and 110?
5
What is the greatest common factor 